- 18. Let q be i(x). Let h = 475 + q. Is h a prime number?
True
Let m(z) = 191*z - 9. Let n be 8/16 + (-23)/(-2). Let r = 18 - n. Is m(r) a composite number?
True
Let p be (24/(-28))/((-4)/14). Suppose -16 = p*i - 5*i. Suppose -3*n - 635 = -i*n. Is n a prime number?
True
Let w(z) = z**3 + 4*z**2 + z. Let n be w(-1). Let g be 26/n*8/20*-5. Is g/91 + (-681)/(-7) a composite number?
False
Let x(k) = 5790*k - 5149. Is x(40) composite?
False
Let b(y) = 8308*y**2 + 81*y - 297. Is b(4) a composite number?
True
Suppose -429*z + 16895920 = -349*z. Is z a prime number?
True
Let n(v) = 25*v - 105. Let x be n(5). Is (-27)/(-45) + (9548/x)/1 a composite number?
True
Let s(i) = 32*i - 9. Let u(q) = 31*q - 10. Let y(l) = 2*s(l) - 3*u(l). Let v be y(14). Let g = v - -843. Is g a prime number?
True
Suppose 7*j - 65 = 2*j. Let p(w) = -5*w + 25*w**2 - 16 - 7 - j*w. Is p(-10) a prime number?
True
Suppose 21*k = 14*k + 14. Suppose 23*f - 2*d - 2643 = 20*f, -1770 = -k*f + 4*d. Is f a composite number?
True
Suppose -2*s - b - 1936 = 0, 0*b + 2878 = -3*s + 5*b. Let h = s - -2509. Is h a composite number?
False
Suppose -2*h = 2*h - 20. Suppose -h*r + 125 = -0*r. Is 15375/r - (-4)/(-1) a prime number?
False
Let c be ((-6)/5)/((-21)/(-525)). Is (c/675*-15)/((-2)/(-12837)) a prime number?
False
Suppose -4*u + 75 = -77. Suppose 0 = 3*s + 4*w - 3478, -35*w + 5758 = 5*s - u*w. Is s prime?
False
Suppose -3*y - 22*n = -25*n - 122757, -5*n = 30. Is y a prime number?
False
Let g(s) = s**2 + 35*s + 19. Let l be g(-35). Suppose 4*z - 65684 = -l*p + 20*p, -5*p + 65684 = 4*z. Is z a prime number?
True
Suppose 1897274 = 55*g - 52971. Is g composite?
True
Let k = 135 - 140. Let o(g) = -32*g**3 - 4*g**2 - 9*g - 8. Is o(k) a composite number?
True
Let q(d) = -17*d + d**3 - 1883 + 934 + 18*d**2 + 934. Is q(-17) a prime number?
True
Suppose -3*x - 1909552 = -5*h, 4*h - 29*x + 36*x = 1527651. Is h composite?
False
Let h = -90 + 60. Let t be ((-3190)/(-33))/(4/h). Let c = t - -1506. Is c a prime number?
False
Let n(u) = 23089*u**2 - 38*u + 278. Is n(9) a prime number?
False
Suppose p + 4*i = -657, -3*p - i = i + 1931. Suppose -3*r - 5*f + 2*f = -4029, 3*r - 4*f = 4022. Let l = r + p. Is l a prime number?
True
Suppose 52*t - 4*k = 48*t + 1501784, -3*t + 1126314 = 5*k. Is t composite?
False
Suppose 0 = -58*z + 66*z + 8. Let d(g) = -34*g**3 - 3*g**2 - 2*g. Is d(z) prime?
False
Let b(n) = -208*n**3 - n**2 - 2*n + 3. Let m be b(2). Let u = 7052 + m. Is u a composite number?
True
Suppose -7020 = -f - 1241. Is f composite?
False
Let q(r) = -10179*r - 22. Is q(-17) a composite number?
False
Suppose -9*v - 7102801 = -94*v + 26332884. Is v composite?
False
Suppose 11*d - 8*d = 2*j - 462994, -3*d - 1157503 = -5*j. Is j prime?
True
Let f(q) = -q**3 + 4*q**2 - q - 2. Let j be f(3). Let o(m) be the second derivative of 17*m**4/3 - 11*m**3/6 + 5*m**2/2 + m + 1094. Is o(j) a composite number?
False
Let i = 94 + -89. Suppose 5*f + 2*h = -14, -i*h - 3 = 7. Is (f/(-6))/((-1)/(-2361)) a composite number?
False
Let j(c) = 2*c**2 - 2*c - 17. Let l = -231 + 223. Is j(l) composite?
False
Let t(l) = 5*l**2 + 2*l + 2. Let f be t(-1). Suppose 0 = -5*g + f, 2*g - 6201 = -5*r + 1811. Let q = r - -239. Is q composite?
True
Let b(s) = -537*s + 27. Suppose -5*m - 3 = 37. Let u be b(m). Suppose -2*j - 203 = 2*d - 3069, -3*d = -3*j + u. Is j prime?
False
Let k = -53 + 56. Let x be k - (-1692)/48*(1 - -7). Suppose -g = -t - 0*g + 95, 0 = -3*t + 4*g + x. Is t composite?
True
Let j(d) = 16*d**3 - 9*d**2 - 81*d + 31. Let f(v) = 3*v**3 - 2*v**2 - 16*v + 6. Let t(q) = 11*f(q) - 2*j(q). Is t(11) a prime number?
False
Let c(d) = -d**2 - 9*d + 12. Suppose 3*b - 37 = 4*j, -74 + 22 = 5*j + 2*b. Let l be c(j). Suppose 5*v = 2*k + 72 + 3317, 3*v + l*k = 2027. Is v a prime number?
True
Suppose -u = 2*x - 43619, -51*u + 4 = -47*u. Is x prime?
False
Let b(n) = 8*n**2 - 36*n - 29. Let h be b(25). Suppose -2*s = -5*y + h, -3*y - 3*s + 2442 = -4*s. Is y prime?
False
Suppose l - 327046 = 4*a, -4*l - 3*a + 1014369 = -293777. Suppose -50*w = -110612 - l. Is w a prime number?
True
Is (200918/12)/((-77)/(-1386)) a prime number?
False
Let i = 54 + -54. Suppose 3*a - 5*f - 1206 - 3680 = i, 2*a + 3*f - 3289 = 0. Let w = a + -1084. Is w a prime number?
False
Let i(n) = -n**2 + 7*n + 16. Let t be i(9). Is t/(139280/23215 + -6) composite?
False
Let d(v) = 97*v - 4. Let s(w) = 98*w - 3. Let y(j) = 4*d(j) - 3*s(j). Is y(11) a prime number?
False
Is 5/(-105) - (8 + (-942937896)/252) a prime number?
True
Let m be (8/(-20))/((-10)/50). Suppose m*d - 1661 = -91. Is d composite?
True
Let w(q) = 59*q**2 + 17*q - 11. Suppose 4*v + 33 = 5*c, -3*c + 3*v - 9 + 30 = 0. Suppose -41 = -c*z + 2*l, 8 = 2*z + 2*l - 0. Is w(z) a composite number?
False
Suppose -140 = -5*h - 9*h. Suppose 7*t - h*t + 1215 = 0. Suppose -5*u + 2*b = -t, -2*u = -3*b + 4*b - 171. Is u composite?
False
Suppose -5*h + 314806 = 3*u, -355*u + 209880 = -353*u + 2*h. Is u a composite number?
False
Let g(k) = -k**3 - 15*k**2 - 7*k + 164881. Is g(0) a composite number?
False
Suppose -4*w + 998050 = 2*c, c - 63 = -60. Is w a prime number?
False
Let r(k) = 115*k**2 + 117*k + 3025. Is r(-31) composite?
False
Let k(z) be the second derivative of 5*z**4/3 - 31*z**3/6 - 33*z**2/2 - 2*z - 4. Is k(14) composite?
True
Suppose 3858*o + 948333 = 3*c + 3860*o, -1580536 = -5*c + 3*o. Is c a prime number?
True
Let l = 41 - 38. Let u be ((-12)/1)/(l/63). Let k = u + 566. Is k prime?
False
Let m be (15/(-10) - -6)*(-8)/6. Is (3/m)/(4/(-142856)) a composite number?
True
Let v be 190/(-45) - -4 - 817/9. Let r = 88 + v. Is ((-1708)/12 + -4)*r prime?
True
Is ((-475)/(-570))/((-5)/3)*2*-23251 prime?
True
Is (4/9*3)/(3063478191/180204579 - 17) composite?
False
Suppose 39*s = 28*s + 22. Suppose s*y - 6526 = 4*b, 0 = -y - 2*b - 3*b + 3256. Is y a prime number?
False
Suppose 3*w = 6*w - 538146. Suppose 38*v + w = 44*v. Is v a composite number?
True
Let a = 4487380 + -2976963. Is a a prime number?
True
Suppose -42*d = -56*d + 351554. Let q = d + -17312. Is q prime?
False
Let q(h) = -6*h**2 + 55*h - 111. Let u be q(31). Let k = -2415 - u. Is k a composite number?
True
Let n(g) = -430*g - 33. Let i = -223 - -215. Is n(i) a composite number?
False
Is (231554/(-9))/(11*24/(-1188)) a prime number?
True
Let b(c) = -3 - 4*c**2 - 85*c + 3 + 2*c**3 + 86*c. Let s be b(-3). Let z = 224 + s. Is z prime?
True
Is (3 - 1)/(354/98502801) composite?
False
Let f(b) = -27 + 5*b**2 + 52 + 18*b + 0*b. Is f(-8) a composite number?
True
Is (2 + 8578910/3)*(15/(-12) - -2) a prime number?
True
Let j = 120055 + -60434. Is j composite?
False
Let n(f) = -2*f**3 - 7*f**2 - 4*f - 12. Let m be n(-15). Is -7 - (2 - m - 4) prime?
False
Let u = 189492 - -71429. Is u a composite number?
False
Let a = 1200453 + -389340. Is a prime?
False
Let c(v) = -24*v**3 - 15*v**2 + 49*v + 6. Let z be c(-13). Suppose 26*x - 24356 = z. Is x a composite number?
False
Let k be (24/(-14))/(-1*(-2)/(-28)). Is (16/k)/(3 - 66603/22203) prime?
True
Let p(k) = 394*k**2 + 87*k + 746. Is p(-9) a prime number?
False
Let v(y) = 674*y**2 - 115*y - 1548. Is v(-17) prime?
True
Suppose -v - 155893 = -b + 170103, 652020 = 2*b + 2*v. Is b a prime number?
False
Suppose -5*b + s + 6694 + 1599 = 0, -b = -5*s - 1673. Let d = 4984 - b. Is d a prime number?
False
Is (4 + -2)/((-3)/(-7305)) + 1 composite?
False
Let i = 415 - 828. Is 118/i - (-8208)/14 a prime number?
False
Let v = -8913 - -15572. Suppose 5*b - 2*z = v, -3*z + 5322 = 4*b - 2*z. Let o = 2482 - b. Is o composite?
False
Let k be 2/10 - 24/(-5). Let g(y) = y**2 + 5*y + 9. Let q be g(k). Suppose -d = q - 526. Is d a prime number?
True
Let f(v) = 2*v**3 + 3*v**2 + 2*v + 47563. Is f(0) a prime number?
True
Let o(j) = -j - 29. Let r be o(-26). Is 0 - (-4266 + r/2*2) a prime number?
False
Let g be (5892/(-10))/(-2*(-18)/(-120)). Suppose 5*p - g = 1631. Is p a prime number?
True
Let b = 62 - 61. Suppose -2*y + 0*m + 3*m + 2 = 0, -b = -y + 4*m. Let l(x) = 187*x**2 + 5*x - 5. Is l(y) prime?
False
Let v = -80 - -48. Let l be (-1)/(-4) + 8/v + 85. Let s = l + -42. Is s prime?
True
Let c = 154000 + -90479. Is c a composite number?
False
Let a = 16510 + -10053. Let l = 3070 + a. Is l a prime number?
False
Let k(l) = 1454*l**2 - 8*l - 34. Let o be